hat is 3 (base 12) in base 8?
3
-1 (base 7) to base 13
-1
-3 (base 5) to base 15
-3
Convert 14 (base 15) to base 8.
23
What is -1c (base 15) in base 10?
-27
What is 12 (base 10) in base 12?
10
-1a (base 14) to base 13
-1b
What is -11200 (base 3) in base 10?
-126
-26 (base 13) to base 5
-112
Convert 1 (base 15) to base 10.
1
-100 (base 2) to base 4
-10
What is 167 (base 12) in base 5?
1343
Convert -4e (base 15) to base 3.
-2202
163 (base 7) to base 12
7a
Convert 2 (base 4) to base 15.
2
Convert -2 (base 11) to base 6.
-2
-10 (base 4) to base 14
-4
148 (base 10) to base 11
125
Convert 6 (base 13) to base 9.
6
Convert 41 (base 12) to base 16.
31
What is a1 (base 15) in base 2?
10010111
-13 (base 11) to base 12
-12
-201 (base 7) to base 13
-78
What is -3 (base 6) in base 8?
-3
What is 13 (base 12) in base 2?
1111
Convert -334 (base 7) to base 5.
-1142
What is 189 (base 14) in base 10?
317
What is -28 (base 13) in base 3?
-1021
Convert -1 (base 5) to base 12.
-1
22 (base 5) to base 2
1100
Convert -201 (base 6) to base 4.
-1021
What is 0 (base 14) in base 3?
0
2 (base 14) to base 16
2
Convert -1100 (base 2) to base 16.
-c
What is -300 (base 4) in base 8?
-60
What is 61 (base 7) in base 3?
1121
What is -1340 (base 5) in base 16?
-dc
What is 1 (base 15) in base 3?
1
Convert 0 (base 13) to base 6.
0
Convert 0 (base 12) to base 2.
0
What is -331 (base 6) in base 9?
-151
-92 (base 10) to base 4
-1130
Convert -2 (base 4) to base 10.
-2
53 (base 7) to base 4
212
What is -1 (base 16) in base 5?
-1
What is -1231 (base 6) in base 11?
-25a
a7 (base 12) to base 4
1333
-101 (base 2) to base 4
-11
What is -2 (base 4) in base 10?
-2
Convert 21 (base 10) to base 4.
111
Convert -1211 (base 6) to base 5.
-2140
Convert 1 (base 16) to base 2.
1
What is 112 (base 5) in base 14?
24
Convert 6 (base 8) to base 15.
6
What is -1 (base 15) in base 10?
-1
3022 (base 4) to base 9
244
What is 220 (base 10) in base 14?
11a
Convert 6 (base 8) to base 10.
6
Convert -10100 (base 2) to base 7.
-26
Convert -2144 (base 5) to base 16.
-12b
Convert -4 (base 15) to base 8.
-4
11 (base 2) to base 8
3
11001 (base 2) to base 5
100
-1 (base 2) to base 5
-1
Convert -3 (base 10) to base 6.
-3
What is -2 (base 3) in base 16?
-2
Convert -104 (base 7) to base 5.
-203
Convert -12 (base 4) to base 3.
-20
What is 21 (base 11) in base 12?
1b
Convert 4 (base 6) to base 7.
4
115 (base 6) to base 11
43
What is -2213 (base 4) in base 7?
-326
What is 13 (base 4) in base 5?
12
-32 (base 13) to base 4
-221
Convert 113 (base 5) to base 10.
33
4 (base 16) to base 2
100
Convert -130 (base 6) to base 4.
-312
What is 0 (base 7) in base 16?
0
What is -9 (base 10) in base 14?
-9
What is 21 (base 3) in base 8?
7
43 (base 5) to base 4
113
Convert -2 (base 5) to base 8.
-2
-1 (base 16) to base 5
-1
Convert -303 (base 4) to base 3.
-1220
What is 0 (base 13) in base 5?
0
Convert -112 (base 5) to base 2.
-100000
Convert -2 (base 6) to base 13.
-2
-7 (base 15) to base 14
-7
Convert 5 (base 16) to base 11.
5
What is -18 (base 11) in base 6?
-31
Convert -25 (base 11) to base 8.
-33
1 (base 12) to base 15
1
110 (base 2) to base 16
6
-55 (base 6) to base 2
-100011
What is 1d2 (base 14) in base 13?
233
Convert -1431 (base 5) to base 3.
-22221
33 (base 7) to base 12
20
What is 42 (base 14) in base 13?
46
What is 6 (base 8) in base 13?
6
Convert -1 (base 9) to base 8.
-1
Convert -2 (base 6) to base 10.
-2
What is 112 (base 4) in base 13?
19
Convert 2d (base 15) to base 14.
31
232 (base 4) to base 5
141
What is -4 (base 6) in base 7?
-4
-1 (base 16) to base 3
-1
Convert -1 (base 14) to base 8.
-1
What is -a (base 11) in base 6?
-14
What is 4 (base 5) in base 4?
10
What is 4 (base 6) in base 16?
4
Convert -2 (base 12) to base 3.
-2
-191 (base 13) to base 8
-437
What is -22 (base 9) in base 12?
-18
What is -2 (base 13) in base 5?
-2
What is -4 (base 13) in base 7?
-4
-7 (base 12) to base 7
-10
Convert -30 (base 13) to base 5.
-124
Convert -52 (base 6) to base 15.
-22
101 (base 2) to base 15
5
Convert 1 (base 7) to base 9.
1
What is -3 (base 7) in base 13?
-3
Convert 53 (base 6) to base 9.
36
200 (base 3) to base 9
20
Convert 5 (base 8) to base 6.
5
Convert 128 (base 11) to base 7.
304
What is 45 (base 10) in base 16?
2d
-2 (base 10) to base 9
-2
-13 (base 4) to base 12
-7
Convert -10 (base 2) to base 14.
-2
What is -33 (base 5) in base 14?
-14
Convert -3a (base 12) to base 15.
-31
What is 123 (base 5) in base 11?
35
-7 (base 15) to base 5
-12
74 (base 9) to base 4
1003
What is 34 (base 9) in base 14?
23
Convert -30 (base 8) to base 3.
-220
What is 40 (base 5) in base 11?
19
What is 154 (base 10) in base 16?
9a
1a7 (base 15) to base 13
235
-1 (base 12) to base 6
-1
-1321 (base 4) to base 7
-232
-40 (base 7) to base 5
-103
1220 (base 3) to base 8
63
Convert 66 (base 12) to base 10.
78
What is 38 (base 14) in base 13?
3b
What is -26 (base 7) in base 14?
-16
-2 (base 16) to base 15
-2
Convert -1a (base 16) to base 8.
-32
What is -10 (base 8) in base 16?
-8
Convert 23 (base 12) to base 4.
123
Convert 17 (base 15) to base 6.
34
Convert -2b (base 16) to base 9.
-47
b (base 15) to base 2
1011
What is -5 (base 13) in base 12?
-5
2 (base 8) to base 9
2
What is 1 (base 11) in base 4?
1
1 (base 4) to base 3
1
What is -13 (base 5) in base 14?
-8
What is -22 (base 3) in base 12?
-8
What is 0 (base 4) in base 5?
0
Convert ce (base 16) to base 4.
3032
What is 100101100 (base 2) in base 5?
2200
Convert -61 (base 10) to base 2.
-111101
What is -55 (base 10) in base 11?
-50
What is 7 (base 13) in base 2?
111
Convert -1 (base 16) to base 2.
-1
What is 10000010 (base 2) in base 3?
11211
What is 113 (base 8) in base 2?
1001011
-7 (base 16) to base 4
-13
What is -7 (base 11) in base 12?
-7
Convert -6 (base 15) to base 12.
-6
41 (base 12) to base 3
1211
-21 (base 3) to base 4
-13
-1100 (base 2) to base 3
-110
What is 100 (base 2) in base 14?
4
What is 2 (base 15) in base 7?
2
Convert -62 (base 8) to base 9.
-55
-10110101 (base 2) to base 12
-131
What is 134 (base 8) in base 16?
5c
What is -25 (base 14) in base 10?
-33
What is 1 (base 14) in base 10?
1
Convert 4 (base 11) to base 14.
4
-5 (base 14) to base 4
-11
What is 11 (base 2) in base 10?
3
What is 122 (base 5) in base 2?
100101
-30 (base 10) to base 6
-50
What is 1 (base 5) in base 7?
1
Convert 3 (base 8) to base 10.
3
What is 1010 (base 2) in base 12?
a
What is 2 (base 12) in base 5?
2
What is 0 (base 7) in base 15?
0
26 (base 7) to base 9
22
Convert -17 (base 13) to base 11.
-19
Convert 1 (base 11) to base 8.
1
Convert -211 (base 12) to base 3.
-102011
What is 55 (base 12) in base 11?
5a
-83 (base 10) to base 2
-1010011
Convert 9 (base 12) to base 10.
9
-1 (base 6) to base 3
-1
Convert 1 (base 14) to base 15.
1
Convert -30 (base 11) to base 3.
-1020
Convert 188 (base 11) to base 12.
161
What is 2 (base 3) in base 13?
2
What is -88 (base 9) in base 15?
-55
Convert -101222 (base 3) to base 13.
-19a
5 (base 14) to base 10
5
What is b (base 12) in base 14?
b
1 (base 5) to base 14
1
-252 (base 8) to base 6
-442
-2 (base 8) to base 4
-2
Convert -1b (base 12) to base 11.
-21
Convert 3 (base 15) to base 13.
3
102 (base 6) to base 7
53
What is -224 (base 6) in base 3?
-10021
Convert -21 (base 5) to base 13.
-b
What is -20110 (base 3) in base 5?
-1144
Convert 28 (base 14) to base 2.
100100
76 (base 9) to base 16
45
-8 (base 9) to base 5
-13
What is 3 (base 10) in base 9?
3
Convert -303 (base 4) to base 2.
-110011
Convert -a (base 15) to base 11.
-a
What is -2 (base 3) in base 15?
-2
-18 (base 11) to base 10
-19
What is -3 (base 15) in base 8?
-3
What is 10100000 (base 2) in base 6?
424
37 (base 8) to base 12
27
What is -2 (base 10) in base 4?
-2
Convert 21 (base 8) to base 2.
10001
What is -1 (base 12) in base 8?
-1
Convert 2 (base 12) to base 4.
2
What is -6 (base 10) in base 16?
-6
What is 5 (base 11) in base 10?
5
4 (base 12) to base 15
4
a (base 11) to base 16
a
What is 1022 (base 4) in base 15?
4e
-174 (base 8) to base 14
-8c
Convert -77 (base 16) to base 10.
-119
Convert 1 (base 8) to base 7.
1
What is 3 (base 7) in base 3?
10
Convert -3 (base 15) to base 4.
-3
11001 (base 2) to base 7
34
Convert -55 (base 6) to base 13.
-29
10 (base 3) to base 7
3
-53 (base 7) to base 14
-2a
0 (base 3) to base 7
